{"id":617,"date":"2021-08-04T09:13:20","date_gmt":"2021-08-04T09:13:20","guid":{"rendered":"https:\/\/ifccursos.com.br\/index.php\/about\/"},"modified":"2024-05-03T10:43:10","modified_gmt":"2024-05-03T13:43:10","slug":"about","status":"publish","type":"page","link":"https:\/\/ifccursos.com.br\/index.php\/about\/","title":{"rendered":"Instituto"},"content":{"rendered":"\t\t<div data-elementor-type=\"wp-page\" data-elementor-id=\"617\" class=\"elementor elementor-617\" data-elementor-post-type=\"page\">\n\t\t\t\t\t\t<section class=\"elementor-section elementor-top-section elementor-element elementor-element-2b417c6 elementor-section-boxed elementor-section-height-default elementor-section-height-default\" data-id=\"2b417c6\" data-element_type=\"section\" data-settings=\"{&quot;background_background&quot;:&quot;gradient&quot;}\">\n\t\t\t\t\t\t<div class=\"elementor-container elementor-column-gap-no\">\n\t\t\t\t\t<div class=\"elementor-column elementor-col-100 elementor-top-column elementor-element elementor-element-16e0e8d\" data-id=\"16e0e8d\" data-element_type=\"column\" data-settings=\"{&quot;background_background&quot;:&quot;classic&quot;}\">\n\t\t\t<div class=\"elementor-widget-wrap elementor-element-populated\">\n\t\t\t\t\t\t<div class=\"elementor-element elementor-element-6584fcd elementor-widget elementor-widget-heading\" data-id=\"6584fcd\" data-element_type=\"widget\" data-widget_type=\"heading.default\">\n\t\t\t\t<div class=\"elementor-widget-container\">\n\t\t\t\t\t<h2 class=\"elementor-heading-title elementor-size-default\">Instituto F\u00e1bio Cabral<\/h2>\t\t\t\t<\/div>\n\t\t\t\t<\/div>\n\t\t\t\t\t<\/div>\n\t\t<\/div>\n\t\t\t\t\t<\/div>\n\t\t<\/section>\n\t\t\t\t<section class=\"elementor-section elementor-top-section elementor-element elementor-element-0cae444 elementor-section-boxed elementor-section-height-default elementor-section-height-default\" data-id=\"0cae444\" data-element_type=\"section\" data-settings=\"{&quot;background_background&quot;:&quot;gradient&quot;}\">\n\t\t\t\t\t\t<div class=\"elementor-container elementor-column-gap-no\">\n\t\t\t\t\t<div class=\"elementor-column elementor-col-100 elementor-top-column elementor-element elementor-element-d10433b\" data-id=\"d10433b\" data-element_type=\"column\" data-settings=\"{&quot;background_background&quot;:&quot;classic&quot;}\">\n\t\t\t<div class=\"elementor-widget-wrap elementor-element-populated\">\n\t\t\t\t\t\t<section class=\"elementor-section elementor-inner-section elementor-element elementor-element-2e2893e elementor-section-boxed elementor-section-height-default elementor-section-height-default\" data-id=\"2e2893e\" data-element_type=\"section\" data-settings=\"{&quot;background_background&quot;:&quot;classic&quot;}\">\n\t\t\t\t\t\t<div class=\"elementor-container elementor-column-gap-no\">\n\t\t\t\t\t<div class=\"elementor-column elementor-col-100 elementor-inner-column elementor-element elementor-element-5bb2bfc\" data-id=\"5bb2bfc\" data-element_type=\"column\">\n\t\t\t<div class=\"elementor-widget-wrap elementor-element-populated\">\n\t\t\t\t\t\t<div class=\"elementor-element elementor-element-0f61a10 elementor-widget__width-initial elementor-widget elementor-widget-text-editor\" data-id=\"0f61a10\" data-element_type=\"widget\" data-widget_type=\"text-editor.default\">\n\t\t\t\t<div class=\"elementor-widget-container\">\n\t\t\t\t\t\t\t\t\t<p>Toda empresa tem a sua hist\u00f3ria e n\u00f3s temos muito orgulho da nossa que est\u00e1 pr\u00f3xima de completar uma d\u00e9cada de vida. Esse per\u00edodo foi muito intenso e cheio de desafios.<\/p><p>Em 2017, na cidade de Jo\u00e3o Pessoa, na Para\u00edba o Dr. F\u00e1bio Cabral que j\u00e1 possu\u00eda 9 anos de experi\u00eancia como fisioterapeuta traumato ortop\u00e9dico e com experi\u00eancia na \u00e1rea de empreendedorismo, decidiu que era hora de passar seu conhecimento adiante em uma escala maior, pois antes j\u00e1 o fazia a pedido de colegas de profiss\u00e3o de modo a ajud\u00e1-los pessoalmente, at\u00e9 que surgiu a ideia de compartilhar esse conhecimento de modo profissional.<\/p><p>Depois do primeiro curso ele tomou gosto pela doc\u00eancia e n\u00e3o parou mais de ensinar, come\u00e7ou ministrando um curso por m\u00eas aos finais e aumentou essa frequ\u00eancia para todos os finais de semana, al\u00e9m dos cursos ele decidiu que era a hora de passar de um consult\u00f3rio para uma cl\u00ednica de fisioterapia maior. E assim o fez, de segunda a sexta continuava fazendo seus atendimentos no consult\u00f3rio, de modo domiciliar e tamb\u00e9m dando plant\u00f5es em um hospital de trauma da capital pessoense, cargo que ocupou atrav\u00e9s de concurso p\u00fablico.<\/p><p>Al\u00e9m disse aos finais de semana fazia o que mais ama, ministrar cursos, n\u00e3o s\u00f3 para fisioterapeutas, mas para enfermeiros, educadores f\u00edsicos, nutricionistas, m\u00e9dicos entre outros.<\/p><p>A medida que os cursos aumentavam em n\u00famero de participantes e frequ\u00eancia, ele decidiu que era a hora de dar um nome ao seu centro de forma\u00e7\u00e3o e capacita\u00e7\u00e3o, chamando assim de Instituto F\u00e1bio Cabral \u2013 Forma\u00e7\u00f5es em Sa\u00fade.<\/p><p>Hoje, 7 anos depois de fundar o IFC, o Dr. F\u00e1bio Cabral j\u00e1 formou e capacitou mais de 7.390 alunos e profissionais da sa\u00fade, no Brasil, Estados Unidos e Portugal, de forma presencial e on line. E estes n\u00e3o s\u00e3o apenas n\u00fameros, mas sim, verdadeiros colegas de profiss\u00e3o, amigos e membros da fam\u00edlia do Instituto F\u00e1bio Cabral.<\/p><p>Atualmente estamos em pleno processo de expans\u00e3o, somos o \u00fanico Instituto do Nordeste que tem sua cl\u00ednica pr\u00f3pria, (a cl\u00ednica L\u2019am\u00ea \u2013 Sa\u00fade Est\u00e9tica e Bem-Estar).<\/p><p>Para atingir um p\u00fablico cada vez maior, al\u00e9m da nossa sede em Jo\u00e3o Pessoa \u2013 PB, que oferece cursos na modalidade presencial, temos esta plataforma que consegue alcan\u00e7ar qualquer pa\u00eds e pessoa no mundo que queira se tornar um profissional da sa\u00fade ou que queira aprimorar as suas habilidades.<\/p><p>Mantemos firme o compromisso de levar aos nossos alunos o que h\u00e1 de mais novo no campo da sa\u00fade, com um foco inabal\u00e1vel nas evid\u00eancias cient\u00edficas e na excel\u00eancia.<\/p><p>Nossos cursos presenciais e ONLINE nos fazem ser reconhecido como a melhor empresa de cursos do Nordeste e uma das melhores do Brasil, e isso nos enche de orgulho e motiva\u00e7\u00e3o.<\/p><p>Toda empresa tem a sua hist\u00f3ria e n\u00f3s temos muito orgulho da nossa que est\u00e1 pr\u00f3xima de completar uma d\u00e9cada de vida. Esse per\u00edodo foi muito intenso e cheio de desafios.<\/p><p>Em 2017, na cidade de Jo\u00e3o Pessoa, na Para\u00edba o Dr. F\u00e1bio Cabral que j\u00e1 possu\u00eda 9 anos de experi\u00eancia como fisioterapeuta traumato ortop\u00e9dico e com experi\u00eancia na \u00e1rea de empreendedorismo, decidiu que era hora de passar seu conhecimento adiante em uma escala maior, pois antes j\u00e1 o fazia a pedido de colegas de profiss\u00e3o de modo a ajud\u00e1-los pessoalmente, at\u00e9 que surgiu a ideia de compartilhar esse conhecimento de modo profissional.<\/p><p>Depois do primeiro curso ele tomou gosto pela doc\u00eancia e n\u00e3o parou mais de ensinar, come\u00e7ou ministrando um curso por m\u00eas aos finais e aumentou essa frequ\u00eancia para todos os finais de semana, al\u00e9m dos cursos ele decidiu que era a hora de passar de um consult\u00f3rio para uma cl\u00ednica de fisioterapia maior. E assim o fez, de segunda a sexta continuava fazendo seus atendimentos no consult\u00f3rio, de modo domiciliar e tamb\u00e9m dando plant\u00f5es em um hospital de trauma da capital pessoense, cargo que ocupou atrav\u00e9s de concurso p\u00fablico.<\/p><p>Al\u00e9m disse aos finais de semana fazia o que mais ama, ministrar cursos, n\u00e3o s\u00f3 para fisioterapeutas, mas para enfermeiros, educadores f\u00edsicos, nutricionistas, m\u00e9dicos entre outros.<\/p><p>A medida que os cursos aumentavam em n\u00famero de participantes e frequ\u00eancia, ele decidiu que era a hora de dar um nome ao seu centro de forma\u00e7\u00e3o e capacita\u00e7\u00e3o, chamando assim de Instituto F\u00e1bio Cabral \u2013 Forma\u00e7\u00f5es em Sa\u00fade.<\/p><p>Hoje, 7 anos depois de fundar o IFC, o Dr. F\u00e1bio Cabral j\u00e1 formou e capacitou mais de 7.390 alunos e profissionais da sa\u00fade, no Brasil, Estados Unidos e Portugal, de forma presencial e on line. E estes n\u00e3o s\u00e3o apenas n\u00fameros, mas sim, verdadeiros colegas de profiss\u00e3o, amigos e membros da fam\u00edlia do Instituto F\u00e1bio Cabral.<\/p><p>Atualmente estamos em pleno processo de expans\u00e3o, somos o \u00fanico Instituto do Nordeste que tem sua cl\u00ednica pr\u00f3pria, (a cl\u00ednica L\u2019am\u00ea \u2013 Sa\u00fade Est\u00e9tica e Bem-Estar).<\/p><p>Para atingir um p\u00fablico cada vez maior, al\u00e9m da nossa sede em Jo\u00e3o Pessoa \u2013 PB, que oferece cursos na modalidade presencial, temos esta plataforma que consegue alcan\u00e7ar qualquer pa\u00eds e pessoa no mundo que queira se tornar um profissional da sa\u00fade ou que queira aprimorar as suas habilidades.<\/p><p>Mantemos firme o compromisso de levar aos nossos alunos o que h\u00e1 de mais novo no campo da sa\u00fade, com um foco inabal\u00e1vel nas evid\u00eancias cient\u00edficas e na excel\u00eancia.<\/p><p>Nossos cursos presenciais e ONLINE nos fazem ser reconhecido como a melhor empresa de cursos do Nordeste e uma das melhores do Brasil, e isso nos enche de orgulho e motiva\u00e7\u00e3o.<\/p>\t\t\t\t\t\t\t\t<\/div>\n\t\t\t\t<\/div>\n\t\t\t\t<div class=\"elementor-element elementor-element-2c247de elementor-pagination-position-inside elementor-widget__width-initial elementor-arrows-position-inside elementor-widget elementor-widget-image-carousel\" data-id=\"2c247de\" data-element_type=\"widget\" data-settings=\"{&quot;slides_to_show&quot;:&quot;2&quot;,&quot;image_spacing_custom&quot;:{&quot;unit&quot;:&quot;px&quot;,&quot;size&quot;:22,&quot;sizes&quot;:[]},&quot;navigation&quot;:&quot;both&quot;,&quot;autoplay&quot;:&quot;yes&quot;,&quot;pause_on_hover&quot;:&quot;yes&quot;,&quot;pause_on_interaction&quot;:&quot;yes&quot;,&quot;autoplay_speed&quot;:5000,&quot;infinite&quot;:&quot;yes&quot;,&quot;speed&quot;:500,&quot;image_spacing_custom_tablet&quot;:{&quot;unit&quot;:&quot;px&quot;,&quot;size&quot;:&quot;&quot;,&quot;sizes&quot;:[]},&quot;image_spacing_custom_mobile&quot;:{&quot;unit&quot;:&quot;px&quot;,&quot;size&quot;:&quot;&quot;,&quot;sizes&quot;:[]}}\" data-widget_type=\"image-carousel.default\">\n\t\t\t\t<div class=\"elementor-widget-container\">\n\t\t\t\t\t\t\t<div class=\"elementor-image-carousel-wrapper swiper\" role=\"region\" aria-roledescription=\"carousel\" aria-label=\"Image Carousel\" dir=\"ltr\">\n\t\t\t<div class=\"elementor-image-carousel swiper-wrapper\" aria-live=\"off\">\n\t\t\t\t\t\t\t\t<div class=\"swiper-slide\" role=\"group\" aria-roledescription=\"slide\" aria-label=\"1 of 11\"><figure class=\"swiper-slide-inner\"><img decoding=\"async\" class=\"swiper-slide-image\" src=\"https:\/\/ifccursos.com.br\/wp-content\/uploads\/2024\/04\/Imagem-do-WhatsApp-de-2024-04-10-as-22.18.49_3634f5ee.jpg\" alt=\"Imagem do WhatsApp de 2024-04-10 \u00e0(s) 22.18.49_3634f5ee\" \/><\/figure><\/div><div class=\"swiper-slide\" role=\"group\" aria-roledescription=\"slide\" aria-label=\"2 of 11\"><figure class=\"swiper-slide-inner\"><img decoding=\"async\" class=\"swiper-slide-image\" src=\"https:\/\/ifccursos.com.br\/wp-content\/uploads\/2024\/04\/Imagem-do-WhatsApp-de-2024-04-10-as-22.18.48_0ad0a5ec.jpg\" alt=\"Imagem do WhatsApp de 2024-04-10 \u00e0(s) 22.18.48_0ad0a5ec\" \/><\/figure><\/div><div class=\"swiper-slide\" role=\"group\" aria-roledescription=\"slide\" aria-label=\"3 of 11\"><figure class=\"swiper-slide-inner\"><img decoding=\"async\" class=\"swiper-slide-image\" src=\"https:\/\/ifccursos.com.br\/wp-content\/uploads\/2024\/04\/Imagem-do-WhatsApp-de-2024-04-10-as-22.18.47_8e8406a0.jpg\" alt=\"Imagem do WhatsApp de 2024-04-10 \u00e0(s) 22.18.47_8e8406a0\" \/><\/figure><\/div><div class=\"swiper-slide\" role=\"group\" aria-roledescription=\"slide\" aria-label=\"4 of 11\"><figure class=\"swiper-slide-inner\"><img decoding=\"async\" class=\"swiper-slide-image\" src=\"https:\/\/ifccursos.com.br\/wp-content\/uploads\/2024\/04\/Imagem-do-WhatsApp-de-2024-04-10-as-22.18.45_b90de9e9.jpg\" alt=\"Imagem do WhatsApp de 2024-04-10 \u00e0(s) 22.18.45_b90de9e9\" \/><\/figure><\/div><div class=\"swiper-slide\" role=\"group\" aria-roledescription=\"slide\" aria-label=\"5 of 11\"><figure class=\"swiper-slide-inner\"><img decoding=\"async\" class=\"swiper-slide-image\" src=\"https:\/\/ifccursos.com.br\/wp-content\/uploads\/2024\/04\/Imagem-do-WhatsApp-de-2024-04-10-as-22.18.43_aa7369a4.jpg\" alt=\"Imagem do WhatsApp de 2024-04-10 \u00e0(s) 22.18.43_aa7369a4\" \/><\/figure><\/div><div class=\"swiper-slide\" role=\"group\" aria-roledescription=\"slide\" aria-label=\"6 of 11\"><figure class=\"swiper-slide-inner\"><img decoding=\"async\" class=\"swiper-slide-image\" src=\"https:\/\/ifccursos.com.br\/wp-content\/uploads\/2024\/04\/Imagem-do-WhatsApp-de-2024-04-10-as-22.18.42_1d80d4a5.jpg\" alt=\"Imagem do WhatsApp de 2024-04-10 \u00e0(s) 22.18.42_1d80d4a5\" \/><\/figure><\/div><div class=\"swiper-slide\" role=\"group\" aria-roledescription=\"slide\" aria-label=\"7 of 11\"><figure class=\"swiper-slide-inner\"><img decoding=\"async\" class=\"swiper-slide-image\" src=\"https:\/\/ifccursos.com.br\/wp-content\/uploads\/2024\/04\/Imagem-do-WhatsApp-de-2024-04-10-as-22.18.39_423bd0e1.jpg\" alt=\"Imagem do WhatsApp de 2024-04-10 \u00e0(s) 22.18.39_423bd0e1\" \/><\/figure><\/div><div class=\"swiper-slide\" role=\"group\" aria-roledescription=\"slide\" aria-label=\"8 of 11\"><figure class=\"swiper-slide-inner\"><img decoding=\"async\" class=\"swiper-slide-image\" src=\"https:\/\/ifccursos.com.br\/wp-content\/uploads\/2024\/04\/Imagem-do-WhatsApp-de-2024-04-10-as-22.18.36_ee9dfb22.jpg\" alt=\"Imagem do WhatsApp de 2024-04-10 \u00e0(s) 22.18.36_ee9dfb22\" \/><\/figure><\/div><div class=\"swiper-slide\" role=\"group\" aria-roledescription=\"slide\" aria-label=\"9 of 11\"><figure class=\"swiper-slide-inner\"><img decoding=\"async\" class=\"swiper-slide-image\" src=\"https:\/\/ifccursos.com.br\/wp-content\/uploads\/2024\/04\/Imagem-do-WhatsApp-de-2024-04-10-as-22.18.36_27d29039.jpg\" alt=\"Imagem do WhatsApp de 2024-04-10 \u00e0(s) 22.18.36_27d29039\" \/><\/figure><\/div><div class=\"swiper-slide\" role=\"group\" aria-roledescription=\"slide\" aria-label=\"10 of 11\"><figure class=\"swiper-slide-inner\"><img decoding=\"async\" class=\"swiper-slide-image\" src=\"https:\/\/ifccursos.com.br\/wp-content\/uploads\/2024\/04\/Imagem-do-WhatsApp-de-2024-04-10-as-22.18.35_4502d54b.jpg\" alt=\"Imagem do WhatsApp de 2024-04-10 \u00e0(s) 22.18.35_4502d54b\" \/><\/figure><\/div><div class=\"swiper-slide\" role=\"group\" aria-roledescription=\"slide\" aria-label=\"11 of 11\"><figure class=\"swiper-slide-inner\"><img decoding=\"async\" class=\"swiper-slide-image\" src=\"https:\/\/ifccursos.com.br\/wp-content\/uploads\/2024\/04\/Imagem-do-WhatsApp-de-2024-04-10-as-22.18.39_8bb19e56-1-scaled.jpg\" alt=\"Imagem do WhatsApp de 2024-04-10 \u00e0(s) 22.18.39_8bb19e56\" \/><\/figure><\/div>\t\t\t<\/div>\n\t\t\t\t\t\t\t\t\t\t\t\t<div class=\"elementor-swiper-button elementor-swiper-button-prev\" role=\"button\" tabindex=\"0\">\n\t\t\t\t\t\t<svg aria-hidden=\"true\" class=\"e-font-icon-svg e-eicon-chevron-left\" viewBox=\"0 0 1000 1000\" xmlns=\"http:\/\/www.w3.org\/2000\/svg\"><path d=\"M646 125C629 125 613 133 604 142L308 442C296 454 292 471 292 487 292 504 296 521 308 533L604 854C617 867 629 875 646 875 663 875 679 871 692 858 704 846 713 829 713 812 713 796 708 779 692 767L438 487 692 225C700 217 708 204 708 187 708 171 704 154 692 142 675 129 663 125 646 125Z\"><\/path><\/svg>\t\t\t\t\t<\/div>\n\t\t\t\t\t<div class=\"elementor-swiper-button elementor-swiper-button-next\" role=\"button\" tabindex=\"0\">\n\t\t\t\t\t\t<svg aria-hidden=\"true\" class=\"e-font-icon-svg e-eicon-chevron-right\" viewBox=\"0 0 1000 1000\" xmlns=\"http:\/\/www.w3.org\/2000\/svg\"><path d=\"M696 533C708 521 713 504 713 487 713 471 708 454 696 446L400 146C388 133 375 125 354 125 338 125 325 129 313 142 300 154 292 171 292 187 292 204 296 221 308 233L563 492 304 771C292 783 288 800 288 817 288 833 296 850 308 863 321 871 338 875 354 875 371 875 388 867 400 854L696 533Z\"><\/path><\/svg>\t\t\t\t\t<\/div>\n\t\t\t\t\n\t\t\t\t\t\t\t\t\t<div class=\"swiper-pagination\"><\/div>\n\t\t\t\t\t\t\t\t\t<\/div>\n\t\t\t\t\t\t<\/div>\n\t\t\t\t<\/div>\n\t\t\t\t\t<\/div>\n\t\t<\/div>\n\t\t\t\t\t<\/div>\n\t\t<\/section>\n\t\t\t\t\t<\/div>\n\t\t<\/div>\n\t\t\t\t\t<\/div>\n\t\t<\/section>\n\t\t\t\t<\/div>\n\t\t","protected":false},"excerpt":{"rendered":"<p>Instituto F\u00e1bio Cabral Toda empresa tem a sua hist\u00f3ria e n\u00f3s temos muito orgulho da nossa que est\u00e1 pr\u00f3xima de completar uma d\u00e9cada de vida. Esse per\u00edodo foi muito intenso e cheio de desafios. Em 2017, na cidade de Jo\u00e3o Pessoa, na Para\u00edba o Dr. F\u00e1bio Cabral que j\u00e1 possu\u00eda 9 anos de experi\u00eancia como [&hellip;]<\/p>\n","protected":false},"author":1,"featured_media":0,"parent":0,"menu_order":0,"comment_status":"closed","ping_status":"closed","template":"","meta":{"_acf_changed":false,"site-sidebar-layout":"no-sidebar","site-content-layout":"page-builder","ast-site-content-layout":"full-width-container","site-content-style":"unboxed","site-sidebar-style":"unboxed","ast-global-header-display":"","ast-banner-title-visibility":"","ast-main-header-display":"","ast-hfb-above-header-display":"","ast-hfb-below-header-display":"","ast-hfb-mobile-header-display":"","site-post-title":"disabled","ast-breadcrumbs-content":"disabled","ast-featured-img":"disabled","footer-sml-layout":"","theme-transparent-header-meta":"enabled","adv-header-id-meta":"","stick-header-meta":"","header-above-stick-meta":"","header-main-stick-meta":"","header-below-stick-meta":"","astra-migrate-meta-layouts":"set","ast-page-background-enabled":"default","ast-page-background-meta":{"desktop":{"background-color":"var(--ast-global-color-4)","background-image":"","background-repeat":"repeat","background-position":"center center","background-size":"auto","background-attachment":"scroll","background-type":"","background-media":"","overlay-type":"","overlay-color":"","overlay-gradient":""},"tablet":{"background-color":"","background-image":"","background-repeat":"repeat","background-position":"center center","background-size":"auto","background-attachment":"scroll","background-type":"","background-media":"","overlay-type":"","overlay-color":"","overlay-gradient":""},"mobile":{"background-color":"","background-image":"","background-repeat":"repeat","background-position":"center center","background-size":"auto","background-attachment":"scroll","background-type":"","background-media":"","overlay-type":"","overlay-color":"","overlay-gradient":""}},"ast-content-background-meta":{"desktop":{"background-color":"var(--ast-global-color-5)","background-image":"","background-repeat":"repeat","background-position":"center center","background-size":"auto","background-attachment":"scroll","background-type":"","background-media":"","overlay-type":"","overlay-color":"","overlay-gradient":""},"tablet":{"background-color":"var(--ast-global-color-5)","background-image":"","background-repeat":"repeat","background-position":"center center","background-size":"auto","background-attachment":"scroll","background-type":"","background-media":"","overlay-type":"","overlay-color":"","overlay-gradient":""},"mobile":{"background-color":"var(--ast-global-color-5)","background-image":"","background-repeat":"repeat","background-position":"center center","background-size":"auto","background-attachment":"scroll","background-type":"","background-media":"","overlay-type":"","overlay-color":"","overlay-gradient":""}},"_joinchat":[],"footnotes":""},"class_list":["post-617","page","type-page","status-publish","hentry"],"acf":[],"_links":{"self":[{"href":"https:\/\/ifccursos.com.br\/index.php\/wp-json\/wp\/v2\/pages\/617","targetHints":{"allow":["GET"]}}],"collection":[{"href":"https:\/\/ifccursos.com.br\/index.php\/wp-json\/wp\/v2\/pages"}],"about":[{"href":"https:\/\/ifccursos.com.br\/index.php\/wp-json\/wp\/v2\/types\/page"}],"author":[{"embeddable":true,"href":"https:\/\/ifccursos.com.br\/index.php\/wp-json\/wp\/v2\/users\/1"}],"replies":[{"embeddable":true,"href":"https:\/\/ifccursos.com.br\/index.php\/wp-json\/wp\/v2\/comments?post=617"}],"version-history":[{"count":36,"href":"https:\/\/ifccursos.com.br\/index.php\/wp-json\/wp\/v2\/pages\/617\/revisions"}],"predecessor-version":[{"id":1479,"href":"https:\/\/ifccursos.com.br\/index.php\/wp-json\/wp\/v2\/pages\/617\/revisions\/1479"}],"wp:attachment":[{"href":"https:\/\/ifccursos.com.br\/index.php\/wp-json\/wp\/v2\/media?parent=617"}],"curies":[{"name":"wp","href":"https:\/\/api.w.org\/{rel}","templated":true}]}}